CRAN Package Check Results for Package autoFRK

Last updated on 2021-12-05 22:48:45 CET.

Flavor Version Tinstall Tcheck Ttotal Status Flags
r-devel-linux-x86_64-debian-clang 1.4.3 64.02 137.14 201.16 OK
r-devel-linux-x86_64-debian-gcc 1.4.3 49.58 103.28 152.86 OK
r-devel-linux-x86_64-fedora-clang 1.4.3 262.21 NOTE
r-devel-linux-x86_64-fedora-gcc 1.4.3 245.59 OK
r-devel-windows-x86_64-new-UL 1.4.3 84.00 188.00 272.00 OK
r-devel-windows-x86_64-new-TK 1.4.3 OK
r-devel-windows-x86_64-old 1.4.3 81.00 125.00 206.00 OK
r-patched-linux-x86_64 1.4.3 60.42 120.08 180.50 OK
r-release-linux-x86_64 1.4.3 53.56 129.45 183.01 OK
r-release-macos-arm64 1.4.3 NOTE
r-release-macos-x86_64 1.4.3 NOTE
r-release-windows-ix86+x86_64 1.4.3 146.00 206.00 352.00 OK
r-oldrel-macos-x86_64 1.4.3 NOTE
r-oldrel-windows-ix86+x86_64 1.4.3 143.00 206.00 349.00 OK

Check Details

Version: 1.4.3
Check: installed package size
Result: NOTE
     installed size is 15.6Mb
     sub-directories of 1Mb or more:
     libs 15.4Mb
Flavors: r-devel-linux-x86_64-fedora-clang, r-release-macos-arm64, r-release-macos-x86_64, r-oldrel-macos-x86_64