CRAN Package Check Results for Package autokeras

Last updated on 2021-11-26 23:03:17 CET.

Flavor Version Tinstall Tcheck Ttotal Status Flags
r-devel-linux-x86_64-debian-clang 1.0.12 8.27 73.01 81.28 NOTE
r-devel-linux-x86_64-debian-gcc 1.0.12 5.85 55.54 61.39 NOTE
r-devel-linux-x86_64-fedora-clang 1.0.12 108.98 NOTE
r-devel-linux-x86_64-fedora-gcc 1.0.12 98.51 NOTE
r-devel-windows-x86_64-new-UL 1.0.12 15.00 112.00 127.00 NOTE
r-devel-windows-x86_64-new-TK 1.0.12 NOTE
r-devel-windows-x86_64-old 1.0.12 10.00 95.00 105.00 NOTE
r-patched-linux-x86_64 1.0.12 7.83 69.87 77.70 NOTE
r-patched-solaris-x86 1.0.12 144.50 NOTE
r-release-linux-x86_64 1.0.12 NOTE
r-release-macos-arm64 1.0.12 NOTE
r-release-macos-x86_64 1.0.12 NOTE
r-release-windows-ix86+x86_64 1.0.12 19.00 73.00 92.00 NOTE
r-oldrel-macos-x86_64 1.0.12 OK
r-oldrel-windows-ix86+x86_64 1.0.12 37.00 105.00 142.00 OK

Check Details

Version: 1.0.12
Check: LazyData
Result: NOTE
     'LazyData' is specified without a 'data' directory
Flavors: r-devel-linux-x86_64-debian-clang, r-devel-linux-x86_64-debian-gcc, r-devel-linux-x86_64-fedora-clang, r-devel-linux-x86_64-fedora-gcc, r-devel-windows-x86_64-new-UL, r-devel-windows-x86_64-new-TK, r-devel-windows-x86_64-old, r-patched-linux-x86_64, r-patched-solaris-x86, r-release-linux-x86_64, r-release-macos-arm64, r-release-macos-x86_64, r-release-windows-ix86+x86_64

Version: 1.0.12
Check: Rd cross-references
Result: NOTE
    Undeclared package ‘tensorflow’ in Rd xrefs
Flavor: r-devel-linux-x86_64-fedora-clang