CRAN Package Check Results for Package baRulho

Last updated on 2024-02-20 23:53:48 CET.

Flavor Version Tinstall Tcheck Ttotal Status Flags
r-devel-linux-x86_64-debian-clang 1.0.6 OK
r-devel-linux-x86_64-debian-gcc 1.0.6 8.30 98.94 107.24 OK
r-devel-linux-x86_64-fedora-clang 1.0.6 173.68 NOTE
r-devel-linux-x86_64-fedora-gcc 1.0.6 183.25 OK
r-devel-windows-x86_64 1.0.6 10.00 126.00 136.00 OK
r-patched-linux-x86_64 1.0.6 15.09 130.03 145.12 OK
r-release-linux-x86_64 1.0.6 6.92 131.20 138.12 OK
r-release-macos-arm64 1.0.6 76.00 OK
r-release-macos-x86_64 1.0.6 118.00 OK
r-release-windows-x86_64 1.0.6 12.00 150.00 162.00 OK
r-oldrel-macos-arm64 1.0.6 71.00 OK
r-oldrel-windows-x86_64 1.0.6 13.00 150.00 163.00 OK

Check Details

Version: 1.0.6
Check: Rd cross-references
Result: NOTE Undeclared package ‘Rraven’ in Rd xrefs Flavor: r-devel-linux-x86_64-fedora-clang