Last updated on 2022-05-15 22:51:31 CEST.
Flavor | Version | Tinstall | Tcheck | Ttotal | Status | Flags |
---|---|---|---|---|---|---|
r-devel-linux-x86_64-debian-clang | 1.0.1 | 42.23 | 64.98 | 107.21 | OK | |
r-devel-linux-x86_64-debian-gcc | 1.0.1 | 36.50 | 49.92 | 86.42 | OK | |
r-devel-linux-x86_64-fedora-clang | 1.0.1 | 137.88 | NOTE | |||
r-devel-linux-x86_64-fedora-gcc | 1.0.1 | 133.00 | OK | |||
r-devel-windows-x86_64 | 1.0.1 | 43.00 | 76.00 | 119.00 | NOTE | |
r-patched-linux-x86_64 | 1.0.1 | 40.05 | 60.18 | 100.23 | OK | |
r-release-linux-x86_64 | 1.0.1 | 40.90 | 61.59 | 102.49 | OK | |
r-release-macos-arm64 | 1.0.1 | 53.00 | NOTE | |||
r-release-macos-x86_64 | 1.0.1 | 61.00 | NOTE | |||
r-release-windows-x86_64 | 1.0.1 | 37.00 | 79.00 | 116.00 | NOTE | |
r-oldrel-macos-arm64 | 1.0.1 | 73.00 | NOTE | |||
r-oldrel-macos-x86_64 | 1.0.1 | 70.00 | NOTE | |||
r-oldrel-windows-ix86+x86_64 | 1.0.1 | 62.00 | 72.00 | 134.00 | NOTE |
Version: 1.0.1
Check: installed package size
Result: NOTE
installed size is 5.4Mb
sub-directories of 1Mb or more:
data 5.3Mb
Flavors: r-devel-linux-x86_64-fedora-clang, r-devel-windows-x86_64, r-release-macos-arm64, r-release-macos-x86_64, r-release-windows-x86_64, r-oldrel-macos-arm64, r-oldrel-macos-x86_64, r-oldrel-windows-ix86+x86_64