CRAN Package Check Results for Package baggingbwsel

Last updated on 2022-05-21 22:58:08 CEST.

Flavor Version Tinstall Tcheck Ttotal Status Flags
r-devel-linux-x86_64-debian-clang 1.0 26.43 63.57 90.00 OK
r-devel-linux-x86_64-debian-gcc 1.0 19.52 48.40 67.92 OK
r-devel-linux-x86_64-fedora-clang 1.0 122.39 NOTE
r-devel-linux-x86_64-fedora-gcc 1.0 113.07 NOTE
r-devel-windows-x86_64 1.0 44.00 113.00 157.00 OK
r-patched-linux-x86_64 1.0 22.53 61.16 83.69 OK
r-release-linux-x86_64 1.0 22.64 61.61 84.25 OK
r-release-macos-arm64 1.0 36.00 NOTE
r-release-macos-x86_64 1.0 48.00 NOTE
r-release-windows-x86_64 1.0 59.00 114.00 173.00 OK
r-oldrel-macos-arm64 1.0 32.00 NOTE
r-oldrel-macos-x86_64 1.0 47.00 NOTE
r-oldrel-windows-ix86+x86_64 1.0 56.00 170.00 226.00 OK

Check Details

Version: 1.0
Check: dependencies in R code
Result: NOTE
    Namespace in Imports field not imported from: ‘tkrplot’
     All declared Imports should be used.
Flavors: r-devel-linux-x86_64-fedora-clang, r-devel-linux-x86_64-fedora-gcc, r-release-macos-arm64, r-release-macos-x86_64, r-oldrel-macos-arm64, r-oldrel-macos-x86_64