CRAN Package Check Results for Package bama

Last updated on 2021-11-28 22:51:08 CET.

Flavor Version Tinstall Tcheck Ttotal Status Flags
r-devel-linux-x86_64-debian-clang 1.2 OK
r-devel-linux-x86_64-debian-gcc 1.2 42.06 30.21 72.27 OK
r-devel-linux-x86_64-fedora-clang 1.2 156.78 OK
r-devel-linux-x86_64-fedora-gcc 1.2 126.36 OK
r-devel-windows-x86_64-new-UL 1.2 74.00 107.00 181.00 OK
r-devel-windows-x86_64-new-TK 1.2 OK
r-devel-windows-x86_64-old 1.2 52.00 71.00 123.00 OK
r-patched-linux-x86_64 1.2 50.71 36.59 87.30 OK
r-patched-solaris-x86 1.2 143.40 OK
r-release-linux-x86_64 1.2 50.29 37.04 87.33 OK
r-release-macos-arm64 1.2 NOTE
r-release-macos-x86_64 1.2 NOTE
r-release-windows-ix86+x86_64 1.2 135.00 91.00 226.00 OK
r-oldrel-macos-x86_64 1.2 NOTE
r-oldrel-windows-ix86+x86_64 1.2 100.00 94.00 194.00 OK

Check Details

Version: 1.2
Check: installed package size
Result: NOTE
     installed size is 6.0Mb
     sub-directories of 1Mb or more:
     libs 5.1Mb
Flavors: r-release-macos-arm64, r-release-macos-x86_64, r-oldrel-macos-x86_64