Last updated on 2023-06-03 22:56:35 CEST.
Flavor | Version | Tinstall | Tcheck | Ttotal | Status | Flags |
---|---|---|---|---|---|---|
r-devel-linux-x86_64-debian-clang | 1.0.0 | 38.43 | 347.00 | 385.43 | OK | |
r-devel-linux-x86_64-debian-gcc | 1.0.0 | 30.23 | 256.35 | 286.58 | OK | |
r-devel-linux-x86_64-fedora-clang | 1.0.0 | 477.59 | NOTE | |||
r-devel-linux-x86_64-fedora-gcc | 1.0.0 | 505.54 | OK | |||
r-devel-windows-x86_64 | 1.0.0 | 30.00 | 224.00 | 254.00 | NOTE | |
r-patched-linux-x86_64 | 1.0.0 | OK | ||||
r-release-linux-x86_64 | 1.0.0 | 26.45 | 323.70 | 350.15 | OK | |
r-release-macos-arm64 | 1.0.0 | 150.00 | NOTE | |||
r-release-macos-x86_64 | 1.0.0 | 235.00 | NOTE | |||
r-release-windows-x86_64 | 1.0.0 | 42.00 | 299.00 | 341.00 | NOTE | |
r-oldrel-macos-arm64 | 1.0.0 | 124.00 | NOTE | |||
r-oldrel-macos-x86_64 | 1.0.0 | 168.00 | NOTE | |||
r-oldrel-windows-x86_64 | 1.0.0 | 43.00 | 289.00 | 332.00 | NOTE |
Version: 1.0.0
Check: installed package size
Result: NOTE
installed size is 5.8Mb
sub-directories of 1Mb or more:
data 4.9Mb
Flavors: r-devel-linux-x86_64-fedora-clang, r-devel-windows-x86_64, r-release-macos-arm64, r-release-macos-x86_64, r-release-windows-x86_64, r-oldrel-macos-arm64, r-oldrel-macos-x86_64, r-oldrel-windows-x86_64