CRAN Package Check Results for Package basedosdados

Last updated on 2024-02-25 23:02:01 CET.

Flavor Version Tinstall Tcheck Ttotal Status Flags
r-devel-linux-x86_64-debian-clang 0.2.2 9.33 74.20 83.53 NOTE
r-devel-linux-x86_64-debian-gcc 0.2.2 6.69 51.92 58.61 NOTE
r-devel-linux-x86_64-fedora-clang 0.2.2 104.40 NOTE
r-devel-linux-x86_64-fedora-gcc 0.2.2 92.13 OK
r-devel-windows-x86_64 0.2.2 9.00 70.00 79.00 OK
r-patched-linux-x86_64 0.2.2 9.68 68.72 78.40 OK
r-release-linux-x86_64 0.2.2 5.51 66.77 72.28 OK
r-release-macos-arm64 0.2.2 34.00 OK
r-release-macos-x86_64 0.2.2 50.00 OK
r-release-windows-x86_64 0.2.2 12.00 83.00 95.00 OK
r-oldrel-macos-arm64 0.2.2 25.00 OK
r-oldrel-windows-x86_64 0.2.2 12.00 94.00 106.00 OK

Check Details

Version: 0.2.2
Check: Rd files
Result: NOTE checkRd: (-1) bd_collect.Rd:30: Lost braces; missing escapes or markup? 30 | the {dplyr}'s verbs and thus use it in local memory completely. | ^ checkRd: (-1) bd_write.Rd:52: Lost braces; missing escapes or markup? 52 | Writes a remote table to disk that was called via {bdplyr}. | ^ checkRd: (-1) bdplyr.Rd:5: Lost braces; missing escapes or markup? 5 | \title{Compatibility with {dplyr} verbs without using SQL language} | ^ Flavors: r-devel-linux-x86_64-debian-clang, r-devel-linux-x86_64-debian-gcc

Version: 0.2.2
Check: Rd cross-references
Result: NOTE Undeclared packages ‘jsonlite’, ‘arrow’ in Rd xrefs Flavor: r-devel-linux-x86_64-fedora-clang