CRAN Package Check Results for Package bayesLife

Last updated on 2022-05-24 22:50:01 CEST.

Flavor Version Tinstall Tcheck Ttotal Status Flags
r-devel-linux-x86_64-debian-clang 5.0-3 14.03 101.96 115.99 OK
r-devel-linux-x86_64-debian-gcc 5.0-3 9.03 75.24 84.27 OK
r-devel-linux-x86_64-fedora-clang 5.0-3 131.92 NOTE
r-devel-linux-x86_64-fedora-gcc 5.0-3 128.12 OK
r-devel-windows-x86_64 5.0-3 632.00 145.00 777.00 OK
r-patched-linux-x86_64 5.0-3 13.79 93.78 107.57 OK
r-release-linux-x86_64 5.0-3 OK
r-release-macos-arm64 5.0-3 41.00 OK
r-release-macos-x86_64 5.0-3 64.00 OK
r-release-windows-x86_64 5.0-3 557.00 148.00 705.00 OK
r-oldrel-macos-arm64 5.0-3 46.00 OK
r-oldrel-macos-x86_64 5.0-3 62.00 OK
r-oldrel-windows-ix86+x86_64 5.0-3 29.00 161.00 190.00 OK

Check Details

Version: 5.0-3
Check: Rd cross-references
Result: NOTE
    Undeclared packages ‘rworldmap’, ‘snowFT’ in Rd xrefs
Flavor: r-devel-linux-x86_64-fedora-clang