CRAN Package Check Results for Package bayesboot

Last updated on 2022-01-25 22:56:50 CET.

Flavor Version Tinstall Tcheck Ttotal Status Flags
r-devel-linux-x86_64-debian-clang 0.2.2 2.35 41.43 43.78 NOTE
r-devel-linux-x86_64-debian-gcc 0.2.2 1.91 34.58 36.49 NOTE
r-devel-linux-x86_64-fedora-clang 0.2.2 54.52 NOTE
r-devel-linux-x86_64-fedora-gcc 0.2.2 44.05 NOTE
r-devel-windows-x86_64-new-UL 0.2.2 38.00 66.00 104.00 NOTE
r-devel-windows-x86_64-new-TK 0.2.2 NOTE
r-patched-linux-x86_64 0.2.2 4.60 39.72 44.32 NOTE
r-release-linux-x86_64 0.2.2 2.39 39.45 41.84 NOTE
r-release-macos-arm64 0.2.2 NOTE
r-release-macos-x86_64 0.2.2 NOTE
r-release-windows-ix86+x86_64 0.2.2 6.00 52.00 58.00 NOTE
r-oldrel-macos-x86_64 0.2.2 OK
r-oldrel-windows-ix86+x86_64 0.2.2 5.00 52.00 57.00 OK

Check Details

Version: 0.2.2
Check: LazyData
Result: NOTE
     'LazyData' is specified without a 'data' directory
Flavors: r-devel-linux-x86_64-debian-clang, r-devel-linux-x86_64-debian-gcc, r-devel-linux-x86_64-fedora-clang, r-devel-linux-x86_64-fedora-gcc, r-devel-windows-x86_64-new-UL, r-devel-windows-x86_64-new-TK, r-patched-linux-x86_64, r-release-linux-x86_64, r-release-macos-arm64, r-release-macos-x86_64, r-release-windows-ix86+x86_64