CRAN Package Check Results for Package bayesdfa

Last updated on 2022-01-28 23:00:28 CET.

Flavor Version Tinstall Tcheck Ttotal Status Flags
r-devel-linux-x86_64-debian-clang 1.2.0 579.09 264.44 843.53 NOTE
r-devel-linux-x86_64-debian-gcc 1.2.0 431.31 216.03 647.34 NOTE
r-devel-linux-x86_64-fedora-clang 1.2.0 1160.54 NOTE
r-devel-linux-x86_64-fedora-gcc 1.2.0 1133.83 NOTE
r-devel-windows-x86_64-new-UL 1.2.0 349.00 353.00 702.00 NOTE
r-devel-windows-x86_64-new-TK 1.2.0 NOTE
r-patched-linux-x86_64 1.2.0 427.37 299.05 726.42 NOTE
r-release-linux-x86_64 1.2.0 0.02 11.59 11.61 ERROR
r-release-macos-arm64 1.2.0 NOTE
r-release-macos-x86_64 1.2.0 NOTE
r-release-windows-ix86+x86_64 1.2.0 1145.00 472.00 1617.00 NOTE
r-oldrel-macos-x86_64 1.2.0 NOTE
r-oldrel-windows-ix86+x86_64 1.2.0 223.00 8.00 231.00 ERROR

Check Details

Version: 1.2.0
Check: for GNU extensions in Makefiles
Result: NOTE
    GNU make is a SystemRequirements.
Flavors: r-devel-linux-x86_64-debian-clang, r-devel-linux-x86_64-debian-gcc, r-devel-linux-x86_64-fedora-clang, r-devel-linux-x86_64-fedora-gcc, r-devel-windows-x86_64-new-UL, r-devel-windows-x86_64-new-TK, r-patched-linux-x86_64, r-release-macos-arm64, r-release-macos-x86_64, r-release-windows-ix86+x86_64, r-oldrel-macos-x86_64

Version: 1.2.0
Check: installed package size
Result: NOTE
     installed size is 86.4Mb
     sub-directories of 1Mb or more:
     doc 1.0Mb
     libs 84.9Mb
Flavors: r-devel-linux-x86_64-fedora-clang, r-devel-windows-x86_64-new-UL, r-release-macos-arm64, r-release-macos-x86_64, r-release-windows-ix86+x86_64, r-oldrel-macos-x86_64

Version: 1.2.0
Check: dependencies in R code
Result: NOTE
    Namespaces in Imports field not imported from:
     ‘RcppParallel’ ‘rstantools’
     All declared Imports should be used.
Flavors: r-devel-linux-x86_64-fedora-clang, r-devel-linux-x86_64-fedora-gcc, r-devel-windows-x86_64-new-TK, r-release-macos-arm64, r-release-macos-x86_64, r-oldrel-macos-x86_64

Version: 1.2.0
Check: whether package can be installed
Result: ERROR
    Installation failed.
Flavors: r-release-linux-x86_64, r-oldrel-windows-ix86+x86_64