CRAN Package Check Results for Package bayesrules

Last updated on 2024-02-22 23:13:55 CET.

Flavor Version Tinstall Tcheck Ttotal Status Flags
r-devel-linux-x86_64-debian-clang 0.0.2 NOTE
r-devel-linux-x86_64-debian-gcc 0.0.2 23.12 242.66 265.78 NOTE
r-devel-linux-x86_64-fedora-clang 0.0.2 490.27 NOTE
r-devel-linux-x86_64-fedora-gcc 0.0.2 464.64 NOTE
r-devel-windows-x86_64 0.0.2 28.00 236.00 264.00 NOTE
r-patched-linux-x86_64 0.0.2 30.56 310.02 340.58 NOTE
r-release-linux-x86_64 0.0.2 29.58 320.42 350.00 NOTE
r-release-macos-arm64 0.0.2 110.00 NOTE
r-release-macos-x86_64 0.0.2 183.00 NOTE
r-release-windows-x86_64 0.0.2 32.00 301.00 333.00 NOTE
r-oldrel-macos-arm64 0.0.2 91.00 NOTE
r-oldrel-windows-x86_64 0.0.2 33.00 297.00 330.00 OK

Check Details

Version: 0.0.2
Check: package subdirectories
Result: NOTE Problems with news in ‘NEWS.md’: No news entries found. Flavors: r-devel-linux-x86_64-debian-clang, r-devel-linux-x86_64-debian-gcc, r-devel-linux-x86_64-fedora-clang, r-devel-linux-x86_64-fedora-gcc, r-devel-windows-x86_64, r-patched-linux-x86_64, r-release-linux-x86_64, r-release-macos-arm64, r-release-macos-x86_64, r-release-windows-x86_64

Version: 0.0.2
Check: Rd files
Result: NOTE checkRd: (-1) pulse_of_the_nation.Rd:10: Escaped LaTeX specials: \$ Flavors: r-devel-linux-x86_64-debian-clang, r-devel-linux-x86_64-debian-gcc, r-devel-linux-x86_64-fedora-clang, r-devel-linux-x86_64-fedora-gcc, r-devel-windows-x86_64, r-patched-linux-x86_64, r-release-linux-x86_64, r-release-macos-arm64, r-release-macos-x86_64, r-release-windows-x86_64

Version: 0.0.2
Check: data for non-ASCII characters
Result: NOTE Note: found 1924 marked UTF-8 strings Flavors: r-devel-linux-x86_64-fedora-clang, r-devel-linux-x86_64-fedora-gcc, r-oldrel-macos-arm64