Last updated on 2023-09-21 23:03:14 CEST.
Flavor | Version | Tinstall | Tcheck | Ttotal | Status | Flags |
---|---|---|---|---|---|---|
r-devel-linux-x86_64-debian-clang | 0.7.2 | 15.03 | 180.75 | 195.78 | ERROR | |
r-devel-linux-x86_64-debian-gcc | 0.7.2 | 14.23 | 130.70 | 144.93 | OK | |
r-devel-linux-x86_64-fedora-clang | 0.7.2 | 246.34 | OK | |||
r-devel-linux-x86_64-fedora-gcc | 0.7.2 | 259.76 | OK | |||
r-devel-windows-x86_64 | 0.7.2 | 16.00 | 148.00 | 164.00 | OK | |
r-patched-linux-x86_64 | 0.7.2 | 18.69 | 174.05 | 192.74 | OK | |
r-release-linux-x86_64 | 0.7.2 | 19.12 | 171.16 | 190.28 | OK | |
r-release-macos-arm64 | 0.7.2 | 76.00 | OK | |||
r-release-macos-x86_64 | 0.7.2 | 125.00 | OK | |||
r-release-windows-x86_64 | 0.7.2 | 21.00 | 183.00 | 204.00 | OK | |
r-oldrel-macos-arm64 | 0.7.2 | 71.00 | OK | |||
r-oldrel-macos-x86_64 | 0.7.2 | 86.00 | OK | |||
r-oldrel-windows-x86_64 | 0.7.2 | 19.00 | 171.00 | 190.00 | OK |
Version: 0.7.2
Check: package dependencies
Result: NOTE
Package suggested but not available for checking: ‘GenSA’
Flavor: r-devel-linux-x86_64-debian-clang
Version: 0.7.2
Check: re-building of vignette outputs
Result: ERROR
Error(s) in re-building vignettes:
...
--- re-building ‘bbotk.Rmd’ using rmarkdown
Quitting from lines 137-138 [unnamed-chunk-10] (bbotk.Rmd)
Error: processing vignette 'bbotk.Rmd' failed with diagnostics:
The following packages could not be loaded: GenSA
--- failed re-building ‘bbotk.Rmd’
SUMMARY: processing the following file failed:
‘bbotk.Rmd’
Error: Vignette re-building failed.
Execution halted
Flavor: r-devel-linux-x86_64-debian-clang