CRAN Package Check Results for Package bcrm

Last updated on 2021-12-08 22:57:30 CET.

Flavor Version Tinstall Tcheck Ttotal Status Flags
r-devel-linux-x86_64-debian-clang 0.5.4 8.46 68.56 77.02 OK
r-devel-linux-x86_64-debian-gcc 0.5.4 6.51 51.17 57.68 OK
r-devel-linux-x86_64-fedora-clang 0.5.4 94.81 NOTE
r-devel-linux-x86_64-fedora-gcc 0.5.4 79.30 NOTE
r-devel-windows-x86_64-new-UL 0.5.4 18.00 96.00 114.00 NOTE
r-devel-windows-x86_64-new-TK 0.5.4 NOTE
r-devel-windows-x86_64-old 0.5.4 14.00 80.00 94.00 OK
r-patched-linux-x86_64 0.5.4 8.01 64.48 72.49 OK
r-release-linux-x86_64 0.5.4 6.52 63.82 70.34 OK
r-release-macos-arm64 0.5.4 NOTE
r-release-macos-x86_64 0.5.4 NOTE
r-release-windows-ix86+x86_64 0.5.4 14.00 77.00 91.00 OK
r-oldrel-macos-x86_64 0.5.4 NOTE
r-oldrel-windows-ix86+x86_64 0.5.4 18.00 79.00 97.00 OK

Check Details

Version: 0.5.4
Check: dependencies in R code
Result: NOTE
    Namespaces in Imports field not imported from:
     ‘knitr’ ‘rlang’
     All declared Imports should be used.
Flavors: r-devel-linux-x86_64-fedora-clang, r-devel-linux-x86_64-fedora-gcc, r-devel-windows-x86_64-new-TK, r-release-macos-arm64, r-release-macos-x86_64, r-oldrel-macos-x86_64

Version: 0.5.4
Check: package dependencies
Result: NOTE
    Package suggested but not available for checking: 'BRugs'
Flavors: r-devel-windows-x86_64-new-UL, r-devel-windows-x86_64-new-TK, r-release-macos-x86_64, r-oldrel-macos-x86_64

Version: 0.5.4
Check: package dependencies
Result: NOTE
    Packages suggested but not available for checking: 'BRugs', 'rjags'
Flavor: r-release-macos-arm64