CRAN Package Check Results for Package bdchecks

Last updated on 2021-11-28 22:51:08 CET.

Flavor Version Tinstall Tcheck Ttotal Status Flags
r-devel-linux-x86_64-debian-clang 0.1.7 OK
r-devel-linux-x86_64-debian-gcc 0.1.7 8.03 74.15 82.18 OK
r-devel-linux-x86_64-fedora-clang 0.1.7 149.17 NOTE
r-devel-linux-x86_64-fedora-gcc 0.1.7 132.79 NOTE
r-devel-windows-x86_64-new-UL 0.1.7 31.00 151.00 182.00 OK
r-devel-windows-x86_64-new-TK 0.1.7 NOTE
r-devel-windows-x86_64-old 0.1.7 21.00 134.00 155.00 OK
r-patched-linux-x86_64 0.1.7 11.87 92.45 104.32 OK
r-patched-solaris-x86 0.1.7 252.70 NOTE
r-release-linux-x86_64 0.1.7 10.59 91.82 102.41 OK
r-release-macos-arm64 0.1.7 NOTE
r-release-macos-x86_64 0.1.7 NOTE
r-release-windows-ix86+x86_64 0.1.7 34.00 137.00 171.00 OK
r-oldrel-macos-x86_64 0.1.7 NOTE
r-oldrel-windows-ix86+x86_64 0.1.7 35.00 142.00 177.00 OK

Check Details

Version: 0.1.7
Check: data for non-ASCII characters
Result: NOTE
     Note: found 72 marked UTF-8 strings
Flavors: r-devel-linux-x86_64-fedora-clang, r-devel-linux-x86_64-fedora-gcc, r-devel-windows-x86_64-new-TK, r-patched-solaris-x86, r-release-macos-arm64, r-release-macos-x86_64, r-oldrel-macos-x86_64