CRAN Package Check Results for Package beanz

Last updated on 2024-02-20 23:53:48 CET.

Flavor Version Tinstall Tcheck Ttotal Status Flags
r-devel-linux-x86_64-debian-clang 3.1 NOTE
r-devel-linux-x86_64-debian-gcc 3.1 843.67 274.45 1118.12 NOTE
r-devel-linux-x86_64-fedora-clang 3.1 1480.21 NOTE
r-devel-linux-x86_64-fedora-gcc 3.1 1997.97 NOTE
r-devel-windows-x86_64 3.1 691.00 294.00 985.00 NOTE
r-patched-linux-x86_64 3.1 711.47 362.76 1074.23 NOTE
r-release-linux-x86_64 3.1 734.27 349.75 1084.02 NOTE
r-release-macos-arm64 3.1 329.00 NOTE
r-release-macos-x86_64 3.1 364.00 NOTE
r-release-windows-x86_64 3.1 873.00 366.00 1239.00 NOTE
r-oldrel-macos-arm64 3.1 292.00 NOTE
r-oldrel-windows-x86_64 3.1 855.00 351.00 1206.00 NOTE

Check Details

Version: 3.1
Check: for GNU extensions in Makefiles
Result: NOTE GNU make is a SystemRequirements. Flavors: r-devel-linux-x86_64-debian-clang, r-devel-linux-x86_64-debian-gcc, r-devel-linux-x86_64-fedora-clang, r-devel-linux-x86_64-fedora-gcc, r-devel-windows-x86_64, r-patched-linux-x86_64, r-release-linux-x86_64, r-release-macos-arm64, r-release-macos-x86_64, r-release-windows-x86_64, r-oldrel-macos-arm64, r-oldrel-windows-x86_64

Version: 3.1
Check: installed package size
Result: NOTE installed size is 9.1Mb sub-directories of 1Mb or more: libs 7.5Mb Flavors: r-devel-linux-x86_64-fedora-clang, r-devel-windows-x86_64, r-release-macos-arm64, r-release-macos-x86_64, r-release-windows-x86_64, r-oldrel-macos-arm64, r-oldrel-windows-x86_64