CRAN Package Check Results for Package bfp

Last updated on 2022-01-24 22:56:20 CET.

Flavor Version Tinstall Tcheck Ttotal Status Flags
r-devel-linux-x86_64-debian-clang 0.0-44 64.10 91.63 155.73 OK
r-devel-linux-x86_64-debian-gcc 0.0-44 44.48 61.31 105.79 OK
r-devel-linux-x86_64-fedora-clang 0.0-44 208.75 OK
r-devel-linux-x86_64-fedora-gcc 0.0-44 174.18 OK
r-devel-windows-x86_64-new-UL 0.0-44 89.00 127.00 216.00 OK
r-devel-windows-x86_64-new-TK 0.0-44 NOTE
r-patched-linux-x86_64 0.0-44 54.88 87.46 142.34 OK
r-release-linux-x86_64 0.0-44 53.85 86.83 140.68 OK
r-release-macos-arm64 0.0-44 OK
r-release-macos-x86_64 0.0-44 OK
r-release-windows-ix86+x86_64 0.0-44 134.00 191.00 325.00 OK
r-oldrel-macos-x86_64 0.0-42 OK
r-oldrel-windows-ix86+x86_64 0.0-44 135.00 182.00 317.00 OK

Check Details

Version: 0.0-44
Check: package dependencies
Result: NOTE
    Package suggested but not available for checking: 'doBy'
Flavor: r-devel-windows-x86_64-new-TK