Last updated on 2023-05-29 23:03:40 CEST.
Flavor | Version | Tinstall | Tcheck | Ttotal | Status | Flags |
---|---|---|---|---|---|---|
r-devel-linux-x86_64-debian-clang | 0.5.1 | 28.39 | 174.85 | 203.24 | NOTE | |
r-devel-linux-x86_64-debian-gcc | 0.5.1 | 23.73 | 130.77 | 154.50 | NOTE | |
r-devel-linux-x86_64-fedora-clang | 0.5.1 | 252.94 | NOTE | |||
r-devel-linux-x86_64-fedora-gcc | 0.5.1 | 266.77 | NOTE | |||
r-devel-windows-x86_64 | 0.5.1 | 27.00 | 141.00 | 168.00 | NOTE | |
r-patched-linux-x86_64 | 0.5.1 | 25.46 | 164.73 | 190.19 | NOTE | |
r-release-linux-x86_64 | 0.5.1 | 24.72 | 163.55 | 188.27 | NOTE | |
r-release-macos-arm64 | 0.5.1 | 86.00 | NOTE | |||
r-release-macos-x86_64 | 0.5.1 | 123.00 | NOTE | |||
r-release-windows-x86_64 | 0.5.1 | 35.00 | 174.00 | 209.00 | NOTE | |
r-oldrel-macos-arm64 | 0.5.1 | 69.00 | NOTE | |||
r-oldrel-macos-x86_64 | 0.5.1 | 97.00 | NOTE | |||
r-oldrel-windows-x86_64 | 0.5.1 | 34.00 | 175.00 | 209.00 | NOTE |
Version: 0.5.1
Check: package dependencies
Result: NOTE
Package suggested but not available for checking: ‘INLA’
Flavors: r-devel-linux-x86_64-debian-clang, r-devel-linux-x86_64-debian-gcc, r-devel-windows-x86_64, r-patched-linux-x86_64, r-release-linux-x86_64, r-release-macos-arm64, r-release-macos-x86_64, r-release-windows-x86_64, r-oldrel-macos-arm64, r-oldrel-macos-x86_64, r-oldrel-windows-x86_64
Version: 0.5.1
Check: data for non-ASCII characters
Result: NOTE
Note: found 940 marked Latin-1 strings
Flavors: r-devel-linux-x86_64-fedora-clang, r-devel-linux-x86_64-fedora-gcc
Version: 0.5.1
Check: installed package size
Result: NOTE
installed size is 5.4Mb
sub-directories of 1Mb or more:
data 5.1Mb
Flavors: r-release-macos-arm64, r-release-macos-x86_64, r-oldrel-macos-arm64