CRAN Package Check Results for Package biglasso

Last updated on 2022-01-21 23:01:43 CET.

Flavor Version Tinstall Tcheck Ttotal Status Flags
r-devel-linux-x86_64-debian-clang 1.4.1 24.94 11.76 36.70 ERROR
r-devel-linux-x86_64-debian-gcc 1.4.1 19.03 9.29 28.32 ERROR
r-devel-linux-x86_64-fedora-clang 1.4.1 116.50 ERROR
r-devel-linux-x86_64-fedora-gcc 1.4.1 98.28 ERROR
r-devel-windows-x86_64-new-UL 1.4.1 32.00 8.00 40.00 ERROR
r-devel-windows-x86_64-new-TK 1.4.1 ERROR
r-patched-linux-x86_64 1.4.1 18.14 11.23 29.37 ERROR
r-release-linux-x86_64 1.4.1 22.98 11.29 34.27 ERROR
r-release-macos-arm64 1.4.1 NOTE
r-release-macos-x86_64 1.4.1 OK
r-release-windows-ix86+x86_64 1.4.1 31.00 9.00 40.00 ERROR
r-oldrel-macos-x86_64 1.4.1 OK
r-oldrel-windows-ix86+x86_64 1.4.1 30.00 8.00 38.00 ERROR

Check Details

Version: 1.4.1
Check: whether package can be installed
Result: ERROR
    Installation failed.
Flavors: r-devel-linux-x86_64-debian-clang, r-devel-linux-x86_64-debian-gcc, r-devel-linux-x86_64-fedora-clang, r-devel-linux-x86_64-fedora-gcc, r-devel-windows-x86_64-new-UL, r-devel-windows-x86_64-new-TK, r-patched-linux-x86_64, r-release-linux-x86_64, r-release-windows-ix86+x86_64, r-oldrel-windows-ix86+x86_64

Version: 1.4.1
Check: installed package size
Result: NOTE
     installed size is 5.3Mb
     sub-directories of 1Mb or more:
     libs 4.4Mb
Flavor: r-release-macos-arm64