CRAN Package Check Results for Package biglmm

Last updated on 2022-01-26 22:54:43 CET.

Flavor Version Tinstall Tcheck Ttotal Status Flags
r-devel-linux-x86_64-debian-clang 0.9-2 4.70 40.74 45.44 OK
r-devel-linux-x86_64-debian-gcc 0.9-2 3.49 32.41 35.90 OK
r-devel-linux-x86_64-fedora-clang 0.9-2 54.66 OK
r-devel-linux-x86_64-fedora-gcc 0.9-2 43.93 OK
r-devel-windows-x86_64-new-UL 0.9-2 29.00 57.00 86.00 OK
r-devel-windows-x86_64-new-TK 0.9-2 OK
r-patched-linux-x86_64 0.9-2 4.53 39.77 44.30 OK
r-release-linux-x86_64 0.9-2 4.31 38.90 43.21 OK
r-release-macos-arm64 0.9-2 NOTE
r-release-macos-x86_64 0.9-2 OK
r-release-windows-ix86+x86_64 0.9-2 12.00 60.00 72.00 OK
r-oldrel-macos-x86_64 0.9-2 OK
r-oldrel-windows-ix86+x86_64 0.9-2 11.00 59.00 70.00 OK

Check Details

Version: 0.9-2
Check: package dependencies
Result: NOTE
    Package suggested but not available for checking: ‘RODBC’
Flavor: r-release-macos-arm64