CRAN Package Check Results for Package bigtime

Last updated on 2021-12-04 22:59:28 CET.

Flavor Version Tinstall Tcheck Ttotal Status Flags
r-devel-linux-x86_64-debian-clang 0.2.1 65.17 68.44 133.61 OK
r-devel-linux-x86_64-debian-gcc 0.2.1 48.71 52.56 101.27 OK
r-devel-linux-x86_64-fedora-clang 0.2.1 209.14 NOTE
r-devel-linux-x86_64-fedora-gcc 0.2.1 172.08 OK
r-devel-windows-x86_64-new-UL 0.2.1 95.00 138.00 233.00 OK
r-devel-windows-x86_64-new-TK 0.2.1 OK
r-devel-windows-x86_64-old 0.2.1 92.00 80.00 172.00 OK
r-patched-linux-x86_64 0.2.1 67.36 57.96 125.32 OK
r-release-linux-x86_64 0.2.1 63.62 57.93 121.55 OK
r-release-macos-arm64 0.2.1 NOTE
r-release-macos-x86_64 0.2.1 NOTE
r-release-windows-ix86+x86_64 0.2.1 83.00 9.00 92.00 ERROR
r-oldrel-macos-x86_64 0.2.1 NOTE
r-oldrel-windows-ix86+x86_64 0.2.1 192.00 129.00 321.00 OK

Check Details

Version: 0.2.1
Check: installed package size
Result: NOTE
     installed size is 5.6Mb
     sub-directories of 1Mb or more:
     help 1.6Mb
     libs 3.8Mb
Flavors: r-devel-linux-x86_64-fedora-clang, r-release-macos-arm64, r-release-macos-x86_64, r-oldrel-macos-x86_64

Version: 0.2.1
Check: whether package can be installed
Result: ERROR
    Installation failed.
Flavor: r-release-windows-ix86+x86_64