CRAN Package Check Results for Package binaryGP

Last updated on 2022-05-15 22:51:32 CEST.

Flavor Version Tinstall Tcheck Ttotal Status Flags
r-devel-linux-x86_64-debian-clang 0.2 45.20 46.88 92.08 NOTE
r-devel-linux-x86_64-debian-gcc 0.2 39.11 35.54 74.65 NOTE
r-devel-linux-x86_64-fedora-clang 0.2 135.38 NOTE
r-devel-linux-x86_64-fedora-gcc 0.2 118.21 NOTE
r-devel-windows-x86_64 0.2 44.00 83.00 127.00 NOTE
r-patched-linux-x86_64 0.2 42.04 45.93 87.97 NOTE
r-release-linux-x86_64 0.2 35.78 44.74 80.52 NOTE
r-release-macos-arm64 0.2 34.00 NOTE
r-release-macos-x86_64 0.2 52.00 NOTE
r-release-windows-x86_64 0.2 47.00 86.00 133.00 NOTE
r-oldrel-macos-arm64 0.2 37.00 NOTE
r-oldrel-macos-x86_64 0.2 61.00 NOTE
r-oldrel-windows-ix86+x86_64 0.2 122.00 89.00 211.00 NOTE

Check Details

Version: 0.2
Check: LazyData
Result: NOTE
     'LazyData' is specified without a 'data' directory
Flavors: r-devel-linux-x86_64-debian-clang, r-devel-linux-x86_64-debian-gcc, r-devel-linux-x86_64-fedora-clang, r-devel-linux-x86_64-fedora-gcc, r-devel-windows-x86_64, r-patched-linux-x86_64, r-release-linux-x86_64, r-release-macos-arm64, r-release-macos-x86_64, r-release-windows-x86_64, r-oldrel-macos-arm64, r-oldrel-macos-x86_64, r-oldrel-windows-ix86+x86_64