CRAN Package Check Results for Package binaryLogic

Last updated on 2021-12-01 22:53:05 CET.

Flavor Version Tinstall Tcheck Ttotal Status Flags
r-devel-linux-x86_64-debian-clang 0.3.9 2.80 27.88 30.68 NOTE
r-devel-linux-x86_64-debian-gcc 0.3.9 1.91 21.93 23.84 NOTE
r-devel-linux-x86_64-fedora-clang 0.3.9 50.74 NOTE
r-devel-linux-x86_64-fedora-gcc 0.3.9 37.53 NOTE
r-devel-windows-x86_64-new-UL 0.3.9 9.00 69.00 78.00 NOTE
r-devel-windows-x86_64-new-TK 0.3.9 NOTE
r-devel-windows-x86_64-old 0.3.9 5.00 35.00 40.00 NOTE
r-patched-linux-x86_64 0.3.9 2.50 26.80 29.30 NOTE
r-patched-solaris-x86 0.3.9 55.60 NOTE
r-release-linux-x86_64 0.3.9 2.20 26.66 28.86 NOTE
r-release-macos-arm64 0.3.9 NOTE
r-release-macos-x86_64 0.3.9 NOTE
r-release-windows-ix86+x86_64 0.3.9 6.00 45.00 51.00 NOTE
r-oldrel-macos-x86_64 0.3.9 OK
r-oldrel-windows-ix86+x86_64 0.3.9 15.00 45.00 60.00 OK

Check Details

Version: 0.3.9
Check: LazyData
Result: NOTE
     'LazyData' is specified without a 'data' directory
Flavors: r-devel-linux-x86_64-debian-clang, r-devel-linux-x86_64-debian-gcc, r-devel-linux-x86_64-fedora-clang, r-devel-linux-x86_64-fedora-gcc, r-devel-windows-x86_64-new-UL, r-devel-windows-x86_64-new-TK, r-devel-windows-x86_64-old, r-patched-linux-x86_64, r-patched-solaris-x86, r-release-linux-x86_64, r-release-macos-arm64, r-release-macos-x86_64, r-release-windows-ix86+x86_64