Last updated on 2022-05-22 22:51:34 CEST.
Flavor | Version | Tinstall | Tcheck | Ttotal | Status | Flags |
---|---|---|---|---|---|---|
r-devel-linux-x86_64-debian-clang | 1.3 | 13.48 | 108.15 | 121.63 | OK | |
r-devel-linux-x86_64-debian-gcc | 1.3 | 8.82 | 78.76 | 87.58 | OK | |
r-devel-linux-x86_64-fedora-clang | 1.3 | 144.91 | NOTE | |||
r-devel-linux-x86_64-fedora-gcc | 1.3 | 136.76 | OK | |||
r-devel-windows-x86_64 | 1.3 | 24.00 | 123.00 | 147.00 | OK | |
r-patched-linux-x86_64 | 1.3 | 10.97 | 97.78 | 108.75 | OK | |
r-release-linux-x86_64 | 1.3 | 12.59 | 98.08 | 110.67 | OK | |
r-release-macos-arm64 | 1.3 | 39.00 | OK | |||
r-release-macos-x86_64 | 1.3 | 54.00 | OK | |||
r-release-windows-x86_64 | 1.3 | 24.00 | 120.00 | 144.00 | OK | |
r-oldrel-macos-arm64 | 1.3 | 42.00 | OK | |||
r-oldrel-macos-x86_64 | 1.3 | 73.00 | OK | |||
r-oldrel-windows-ix86+x86_64 | 1.3 | 25.00 | 112.00 | 137.00 | OK |
Version: 1.3
Check: Rd cross-references
Result: NOTE
Undeclared package ‘genalg’ in Rd xrefs
Flavor: r-devel-linux-x86_64-fedora-clang