CRAN Package Check Results for Package biokNN

Last updated on 2022-01-28 23:00:28 CET.

Flavor Version Tinstall Tcheck Ttotal Status Flags
r-devel-linux-x86_64-debian-clang 0.1.0 6.51 68.12 74.63 OK
r-devel-linux-x86_64-debian-gcc 0.1.0 4.74 51.23 55.97 OK
r-devel-linux-x86_64-fedora-clang 0.1.0 85.95 NOTE
r-devel-linux-x86_64-fedora-gcc 0.1.0 73.55 NOTE
r-devel-windows-x86_64-new-UL 0.1.0 14.00 90.00 104.00 OK
r-devel-windows-x86_64-new-TK 0.1.0 ERROR
r-patched-linux-x86_64 0.1.0 5.59 60.17 65.76 OK
r-release-linux-x86_64 0.1.0 3.26 59.25 62.51 OK
r-release-macos-arm64 0.1.0 NOTE
r-release-macos-x86_64 0.1.0 NOTE
r-release-windows-ix86+x86_64 0.1.0 13.00 74.00 87.00 OK
r-oldrel-macos-x86_64 0.1.0 NOTE
r-oldrel-windows-ix86+x86_64 0.1.0 13.00 78.00 91.00 OK

Check Details

Version: 0.1.0
Check: dependencies in R code
Result: NOTE
    Namespaces in Imports field not imported from:
     ‘desc’ ‘lme4’ ‘mitml’
     All declared Imports should be used.
Flavors: r-devel-linux-x86_64-fedora-clang, r-devel-linux-x86_64-fedora-gcc, r-release-macos-arm64, r-release-macos-x86_64, r-oldrel-macos-x86_64

Version: 0.1.0
Check: package dependencies
Result: ERROR
    Packages required but not available: 'lme4', 'mitml'
    
    See section 'The DESCRIPTION file' in the 'Writing R Extensions'
    manual.
Flavor: r-devel-windows-x86_64-new-TK