CRAN Package Check Results for Package biostat3

Last updated on 2022-01-26 22:54:44 CET.

Flavor Version Tinstall Tcheck Ttotal Status Flags
r-devel-linux-x86_64-debian-clang 0.1.6 8.83 79.48 88.31 OK
r-devel-linux-x86_64-debian-gcc 0.1.6 7.16 63.00 70.16 OK
r-devel-linux-x86_64-fedora-clang 0.1.6 104.38 NOTE
r-devel-linux-x86_64-fedora-gcc 0.1.6 96.52 OK
r-devel-windows-x86_64-new-UL 0.1.6 91.00 102.00 193.00 NOTE
r-devel-windows-x86_64-new-TK 0.1.6 ERROR
r-patched-linux-x86_64 0.1.6 10.74 73.58 84.32 OK
r-release-linux-x86_64 0.1.6 9.58 74.48 84.06 OK
r-release-macos-arm64 0.1.6 NOTE
r-release-macos-x86_64 0.1.6 NOTE
r-release-windows-ix86+x86_64 0.1.6 18.00 93.00 111.00 NOTE
r-oldrel-macos-x86_64 0.1.6 NOTE
r-oldrel-windows-ix86+x86_64 0.1.6 18.00 92.00 110.00 NOTE

Check Details

Version: 0.1.6
Check: installed package size
Result: NOTE
     installed size is 6.1Mb
     sub-directories of 1Mb or more:
     doc 5.5Mb
Flavors: r-devel-linux-x86_64-fedora-clang, r-devel-windows-x86_64-new-UL, r-release-macos-arm64, r-release-macos-x86_64, r-release-windows-ix86+x86_64, r-oldrel-macos-x86_64, r-oldrel-windows-ix86+x86_64

Version: 0.1.6
Check: package dependencies
Result: NOTE
    Package suggested but not available for checking: 'car'
Flavor: r-devel-windows-x86_64-new-TK

Version: 0.1.6
Check: examples
Result: ERROR
    Running examples in 'biostat3-Ex.R' failed
    The error most likely occurred in:
    
    > ### Name: lincom
    > ### Title: Linear combination of regression parameters.
    > ### Aliases: lincom
    >
    > ### ** Examples
    >
    > fit <- glm(chd ~ hieng*job + offset(log(y)), data=diet, family=poisson)
    > lincom(fit, c("hienghigh+hienghigh:jobconductor",
    + "hienghigh+hienghigh:jobbank"),
    + eform=TRUE)
    Loading required namespace: car
    Failed with error: 'there is no package called 'car''
    Error in lincom(fit, c("hienghigh+hienghigh:jobconductor", "hienghigh+hienghigh:jobbank"), :
     requireNamespace("car") is not TRUE
    Calls: lincom -> stopifnot
    Execution halted
Flavor: r-devel-windows-x86_64-new-TK