CRAN Package Check Results for Package biwavelet

Last updated on 2021-12-02 22:55:46 CET.

Flavor Version Tinstall Tcheck Ttotal Status Flags
r-devel-linux-x86_64-debian-clang 0.20.21 44.75 83.59 128.34 OK
r-devel-linux-x86_64-debian-gcc 0.20.21 31.25 63.26 94.51 OK
r-devel-linux-x86_64-fedora-clang 0.20.21 189.76 NOTE
r-devel-linux-x86_64-fedora-gcc 0.20.21 161.39 OK
r-devel-windows-x86_64-new-UL 0.20.21 69.00 154.00 223.00 OK
r-devel-windows-x86_64-new-TK 0.20.21 OK
r-devel-windows-x86_64-old 0.20.21 62.00 97.00 159.00 OK
r-patched-linux-x86_64 0.20.21 43.55 77.38 120.93 OK
r-patched-solaris-x86 0.20.21 187.10 OK
r-release-linux-x86_64 0.20.21 37.08 78.36 115.44 OK
r-release-macos-arm64 0.20.21 OK
r-release-macos-x86_64 0.20.21 OK
r-release-windows-ix86+x86_64 0.20.21 112.00 164.00 276.00 OK
r-oldrel-macos-x86_64 0.20.21 OK
r-oldrel-windows-ix86+x86_64 0.20.21 112.00 161.00 273.00 OK

Check Details

Version: 0.20.21
Check: Rd cross-references
Result: NOTE
    Undeclared package ‘RColorBrewer’ in Rd xrefs
Flavor: r-devel-linux-x86_64-fedora-clang