CRAN Package Check Results for Package blaster

Last updated on 2022-07-04 22:59:07 CEST.

Flavor Version Tinstall Tcheck Ttotal Status Flags
r-devel-linux-x86_64-debian-clang 1.0.4 62.45 26.71 89.16 OK
r-devel-linux-x86_64-debian-gcc 1.0.4 49.94 21.06 71.00 OK
r-devel-linux-x86_64-fedora-clang 1.0.4 149.17 OK
r-devel-linux-x86_64-fedora-gcc 1.0.4 118.35 OK
r-devel-windows-x86_64 1.0.4 51.00 71.00 122.00 OK
r-patched-linux-x86_64 1.0.4 57.75 26.46 84.21 OK
r-release-linux-x86_64 1.0.4 54.49 26.54 81.03 OK
r-release-macos-arm64 1.0.4 36.00 NOTE
r-release-macos-x86_64 1.0.4 49.00 NOTE
r-release-windows-x86_64 1.0.4 44.00 74.00 118.00 OK
r-oldrel-macos-arm64 1.0.4 36.00 NOTE
r-oldrel-macos-x86_64 1.0.4 50.00 NOTE
r-oldrel-windows-ix86+x86_64 1.0.4 125.00 80.00 205.00 OK

Check Details

Version: 1.0.4
Check: installed package size
Result: NOTE
     installed size is 6.5Mb
     sub-directories of 1Mb or more:
     libs 6.4Mb
Flavors: r-release-macos-arm64, r-release-macos-x86_64, r-oldrel-macos-arm64, r-oldrel-macos-x86_64