CRAN Package Check Results for Package blockForest

Last updated on 2024-02-25 23:02:01 CET.

Flavor Version Tinstall Tcheck Ttotal Status Flags
r-devel-linux-x86_64-debian-clang 0.2.6 120.79 106.46 227.25 OK
r-devel-linux-x86_64-debian-gcc 0.2.6 93.28 83.04 176.32 OK
r-devel-linux-x86_64-fedora-clang 0.2.6 325.36 OK
r-devel-linux-x86_64-fedora-gcc 0.2.6 309.25 OK
r-devel-windows-x86_64 0.2.6 91.00 121.00 212.00 OK
r-patched-linux-x86_64 0.2.6 108.23 104.69 212.92 OK
r-release-linux-x86_64 0.2.6 112.70 105.66 218.36 OK
r-release-macos-arm64 0.2.6 84.00 NOTE
r-release-macos-x86_64 0.2.6 135.00 NOTE
r-release-windows-x86_64 0.2.6 114.00 141.00 255.00 OK
r-oldrel-macos-arm64 0.2.6 78.00 NOTE
r-oldrel-windows-x86_64 0.2.6 104.00 133.00 237.00 OK

Check Details

Version: 0.2.6
Check: installed package size
Result: NOTE installed size is 7.4Mb sub-directories of 1Mb or more: libs 7.0Mb Flavors: r-release-macos-arm64, r-release-macos-x86_64, r-oldrel-macos-arm64