CRAN Package Check Results for Package bmk

Last updated on 2022-05-17 22:51:22 CEST.

Flavor Version Tinstall Tcheck Ttotal Status Flags
r-devel-linux-x86_64-debian-clang 1.0 1.99 43.23 45.22 NOTE
r-devel-linux-x86_64-debian-gcc 1.0 2.62 33.66 36.28 NOTE
r-devel-linux-x86_64-fedora-clang 1.0 56.56 NOTE
r-devel-linux-x86_64-fedora-gcc 1.0 54.78 NOTE
r-devel-windows-x86_64 1.0 12.00 62.00 74.00 NOTE
r-patched-linux-x86_64 1.0 3.17 42.42 45.59 NOTE
r-release-linux-x86_64 1.0 3.16 42.31 45.47 NOTE
r-release-macos-arm64 1.0 20.00 NOTE
r-release-macos-x86_64 1.0 26.00 NOTE
r-release-windows-x86_64 1.0 13.00 62.00 75.00 NOTE
r-oldrel-macos-arm64 1.0 23.00 NOTE
r-oldrel-macos-x86_64 1.0 37.00 NOTE
r-oldrel-windows-ix86+x86_64 1.0 8.00 56.00 64.00 NOTE

Check Details

Version: 1.0
Check: DESCRIPTION meta-information
Result: NOTE
    Malformed Description field: should contain one or more complete sentences.
Flavors: r-devel-linux-x86_64-debian-clang, r-devel-linux-x86_64-debian-gcc, r-devel-linux-x86_64-fedora-clang, r-devel-linux-x86_64-fedora-gcc, r-devel-windows-x86_64, r-patched-linux-x86_64, r-release-linux-x86_64, r-release-macos-arm64, r-release-macos-x86_64, r-release-windows-x86_64, r-oldrel-macos-arm64, r-oldrel-macos-x86_64, r-oldrel-windows-ix86+x86_64

Version: 1.0
Check: dependencies in R code
Result: NOTE
    'library' or 'require' calls to packages already attached by Depends:
     'coda' 'functional' 'plyr'
     Please remove these calls from your code.
    Packages in Depends field not imported from:
     'coda' 'functional' 'plyr'
     These packages need to be imported from (in the NAMESPACE file)
     for when this namespace is loaded but not attached.
Flavors: r-devel-linux-x86_64-debian-clang, r-devel-linux-x86_64-debian-gcc, r-devel-linux-x86_64-fedora-clang, r-devel-linux-x86_64-fedora-gcc, r-devel-windows-x86_64, r-patched-linux-x86_64, r-release-linux-x86_64, r-release-macos-arm64, r-release-macos-x86_64, r-release-windows-x86_64, r-oldrel-macos-arm64, r-oldrel-macos-x86_64, r-oldrel-windows-ix86+x86_64

Version: 1.0
Check: R code for possible problems
Result: NOTE
    HDistNoSize: no visible global function definition for 'density'
    HDistSize: no visible global function definition for 'density'
    bmkconverge: no visible global function definition for 'Compose'
    bmksensitive: no visible global function definition for 'Compose'
    bmksummary: no visible global function definition for 'Compose'
    bmksummary: no visible global function definition for 'Curry'
    bmksummary: no visible binding for global variable 'quantile'
    bmksummary : std.error: no visible global function definition for 'var'
    bmksummary: no visible global function definition for 'mcmc'
    bmksummary: no visible global function definition for 'mcmc.list'
    bmksummary: no visible global function definition for 'median'
    bmksummary: no visible global function definition for 'effectiveSize'
    bmksummary: no visible global function definition for 'gelman.diag'
    Undefined global functions or variables:
     Compose Curry density effectiveSize gelman.diag mcmc mcmc.list median
     quantile var
    Consider adding
     importFrom("stats", "density", "median", "quantile", "var")
    to your NAMESPACE file.
Flavors: r-devel-linux-x86_64-debian-clang, r-devel-linux-x86_64-debian-gcc, r-devel-linux-x86_64-fedora-clang, r-devel-linux-x86_64-fedora-gcc, r-devel-windows-x86_64, r-patched-linux-x86_64, r-release-linux-x86_64, r-release-macos-arm64, r-release-macos-x86_64, r-release-windows-x86_64, r-oldrel-macos-arm64, r-oldrel-macos-x86_64, r-oldrel-windows-ix86+x86_64