CRAN Package Check Results for Package bmstdr

Last updated on 2022-09-24 22:54:31 CEST.

Flavor Version Tinstall Tcheck Ttotal Status Flags
r-devel-linux-x86_64-debian-clang 0.3.0 383.19 490.75 873.94 NOTE
r-devel-linux-x86_64-debian-gcc 0.3.0 303.11 385.33 688.44 NOTE
r-devel-linux-x86_64-fedora-clang 0.3.0 1321.80 NOTE
r-devel-linux-x86_64-fedora-gcc 0.3.0 1407.38 NOTE
r-devel-windows-x86_64 0.3.0 342.00 572.00 914.00 NOTE
r-patched-linux-x86_64 0.3.0 340.18 497.02 837.20 NOTE
r-release-linux-x86_64 0.3.0 329.08 495.62 824.70 NOTE
r-release-macos-arm64 0.3.0 370.00 NOTE
r-release-macos-x86_64 0.3.0 521.00 NOTE
r-release-windows-x86_64 0.3.0 348.00 559.00 907.00 NOTE
r-oldrel-macos-arm64 0.3.0 345.00 NOTE
r-oldrel-macos-x86_64 0.3.0 509.00 NOTE
r-oldrel-windows-ix86+x86_64 0.3.0 714.00 688.00 1402.00 NOTE

Check Details

Version: 0.3.0
Check: package dependencies
Result: NOTE
    Package suggested but not available for checking: 'INLA'
Flavors: r-devel-linux-x86_64-debian-clang, r-devel-linux-x86_64-debian-gcc, r-devel-windows-x86_64, r-patched-linux-x86_64, r-release-linux-x86_64, r-release-macos-arm64, r-release-macos-x86_64, r-release-windows-x86_64, r-oldrel-macos-arm64, r-oldrel-macos-x86_64

Version: 0.3.0
Check: for GNU extensions in Makefiles
Result: NOTE
    GNU make is a SystemRequirements.
Flavors: r-devel-linux-x86_64-debian-clang, r-devel-linux-x86_64-debian-gcc, r-devel-linux-x86_64-fedora-clang, r-devel-linux-x86_64-fedora-gcc, r-devel-windows-x86_64, r-patched-linux-x86_64, r-release-linux-x86_64, r-release-macos-arm64, r-release-macos-x86_64, r-release-windows-x86_64, r-oldrel-macos-arm64, r-oldrel-macos-x86_64, r-oldrel-windows-ix86+x86_64

Version: 0.3.0
Check: installed package size
Result: NOTE
     installed size is 12.7Mb
     sub-directories of 1Mb or more:
     doc 4.6Mb
     libs 5.4Mb
Flavors: r-devel-linux-x86_64-fedora-clang, r-devel-windows-x86_64, r-release-macos-arm64, r-release-macos-x86_64, r-release-windows-x86_64, r-oldrel-macos-arm64, r-oldrel-macos-x86_64, r-oldrel-windows-ix86+x86_64