CRAN Package Check Results for Package bnclassify

Last updated on 2021-12-03 22:57:34 CET.

Flavor Version Tinstall Tcheck Ttotal Status Flags
r-devel-linux-x86_64-debian-clang 0.4.6 97.59 112.79 210.38 OK
r-devel-linux-x86_64-debian-gcc 0.4.6 71.41 80.15 151.56 OK
r-devel-linux-x86_64-fedora-clang 0.4.6 313.79 NOTE
r-devel-linux-x86_64-fedora-gcc 0.4.6 276.59 OK
r-devel-windows-x86_64-new-UL 0.4.6 144.00 278.00 422.00 OK
r-devel-windows-x86_64-new-TK 0.4.6 OK
r-devel-windows-x86_64-old 0.4.6 128.00 130.00 258.00 OK
r-patched-linux-x86_64 0.4.6 84.71 108.18 192.89 OK
r-release-linux-x86_64 0.4.6 85.62 108.39 194.01 OK
r-release-macos-arm64 0.4.6 NOTE
r-release-macos-x86_64 0.4.6 NOTE
r-release-windows-ix86+x86_64 0.4.6 250.00 243.00 493.00 OK
r-oldrel-macos-x86_64 0.4.6 NOTE
r-oldrel-windows-ix86+x86_64 0.4.6 249.00 222.00 471.00 OK

Check Details

Version: 0.4.6
Check: installed package size
Result: NOTE
     installed size is 6.3Mb
     sub-directories of 1Mb or more:
     libs 5.5Mb
Flavors: r-devel-linux-x86_64-fedora-clang, r-release-macos-arm64, r-release-macos-x86_64, r-oldrel-macos-x86_64