CRAN Package Check Results for Package bodenmiller

Last updated on 2022-01-17 22:54:31 CET.

Flavor Version Tinstall Tcheck Ttotal Status Flags
r-devel-linux-x86_64-debian-clang 0.1.1 8.97 49.98 58.95 OK
r-devel-linux-x86_64-debian-gcc 0.1.1 7.87 38.35 46.22 OK
r-devel-linux-x86_64-fedora-clang 0.1.1 70.65 NOTE
r-devel-linux-x86_64-fedora-gcc 0.1.1 60.37 OK
r-devel-windows-x86_64-new-UL 0.1.1 49.00 69.00 118.00 NOTE
r-devel-windows-x86_64-new-TK 0.1.1 OK
r-patched-linux-x86_64 0.1.1 8.34 46.94 55.28 OK
r-release-linux-x86_64 0.1.1 OK
r-release-macos-arm64 0.1.1 NOTE
r-release-macos-x86_64 0.1.1 NOTE
r-release-windows-ix86+x86_64 0.1.1 13.00 57.00 70.00 NOTE
r-oldrel-macos-x86_64 0.1.1 NOTE
r-oldrel-windows-ix86+x86_64 0.1.1 14.00 57.00 71.00 NOTE

Check Details

Version: 0.1.1
Check: installed package size
Result: NOTE
     installed size is 7.2Mb
     sub-directories of 1Mb or more:
     data 7.0Mb
Flavors: r-devel-linux-x86_64-fedora-clang, r-devel-windows-x86_64-new-UL, r-release-macos-arm64, r-release-macos-x86_64, r-release-windows-ix86+x86_64, r-oldrel-macos-x86_64, r-oldrel-windows-ix86+x86_64