CRAN Package Check Results for Package boomer

Last updated on 2022-05-20 22:53:06 CEST.

Flavor Version Tinstall Tcheck Ttotal Status Flags
r-devel-linux-x86_64-debian-clang 0.1.0 2.90 57.97 60.87 OK
r-devel-linux-x86_64-debian-gcc 0.1.0 1.75 43.78 45.53 OK
r-devel-linux-x86_64-fedora-clang 0.1.0 71.69 NOTE
r-devel-linux-x86_64-fedora-gcc 0.1.0 70.96 NOTE
r-devel-windows-x86_64 0.1.0 10.00 72.00 82.00 OK
r-patched-linux-x86_64 0.1.0 3.13 54.77 57.90 OK
r-release-linux-x86_64 0.1.0 2.33 56.40 58.73 OK
r-release-macos-arm64 0.1.0 21.00 NOTE
r-release-macos-x86_64 0.1.0 29.00 NOTE
r-release-windows-x86_64 0.1.0 16.00 71.00 87.00 OK
r-oldrel-macos-arm64 0.1.0 26.00 NOTE
r-oldrel-macos-x86_64 0.1.0 28.00 NOTE
r-oldrel-windows-ix86+x86_64 0.1.0 7.00 69.00 76.00 OK

Check Details

Version: 0.1.0
Check: dependencies in R code
Result: NOTE
    Namespace in Imports field not imported from: ‘pryr’
     All declared Imports should be used.
Flavors: r-devel-linux-x86_64-fedora-clang, r-devel-linux-x86_64-fedora-gcc, r-release-macos-arm64, r-release-macos-x86_64, r-oldrel-macos-arm64, r-oldrel-macos-x86_64