CRAN Package Check Results for Package bootGOF

Last updated on 2021-12-03 22:57:34 CET.

Flavor Version Tinstall Tcheck Ttotal Status Flags
r-devel-linux-x86_64-debian-clang 0.1.0 13.45 37.81 51.26 OK
r-devel-linux-x86_64-debian-gcc 0.1.0 9.43 29.51 38.94 OK
r-devel-linux-x86_64-fedora-clang 0.1.0 76.81 NOTE
r-devel-linux-x86_64-fedora-gcc 0.1.0 65.17 NOTE
r-devel-windows-x86_64-new-UL 0.1.0 20.00 81.00 101.00 OK
r-devel-windows-x86_64-new-TK 0.1.0 NOTE
r-devel-windows-x86_64-old 0.1.0 18.00 49.00 67.00 OK
r-patched-linux-x86_64 0.1.0 10.33 36.86 47.19 OK
r-release-linux-x86_64 0.1.0 11.29 36.83 48.12 OK
r-release-macos-arm64 0.1.0 NOTE
r-release-macos-x86_64 0.1.0 NOTE
r-release-windows-ix86+x86_64 0.1.0 20.00 64.00 84.00 OK
r-oldrel-macos-x86_64 0.1.0 NOTE
r-oldrel-windows-ix86+x86_64 0.1.0 18.00 57.00 75.00 OK

Check Details

Version: 0.1.0
Check: dependencies in R code
Result: NOTE
    Namespace in Imports field not imported from: ‘R6’
     All declared Imports should be used.
Flavors: r-devel-linux-x86_64-fedora-clang, r-devel-linux-x86_64-fedora-gcc, r-devel-windows-x86_64-new-TK, r-release-macos-arm64, r-release-macos-x86_64, r-oldrel-macos-x86_64