CRAN Package Check Results for Package bootLR

Last updated on 2022-01-27 23:00:55 CET.

Flavor Version Tinstall Tcheck Ttotal Status Flags
r-devel-linux-x86_64-debian-clang 1.0.2 2.45 85.81 88.26 NOTE
r-devel-linux-x86_64-debian-gcc 1.0.2 1.82 63.59 65.41 NOTE
r-devel-linux-x86_64-fedora-clang 1.0.2 102.69 NOTE
r-devel-linux-x86_64-fedora-gcc 1.0.2 95.47 NOTE
r-devel-windows-x86_64-new-UL 1.0.2 14.00 110.00 124.00 NOTE
r-devel-windows-x86_64-new-TK 1.0.2 NOTE
r-patched-linux-x86_64 1.0.2 2.60 82.77 85.37 NOTE
r-release-linux-x86_64 1.0.2 2.40 82.36 84.76 NOTE
r-release-macos-arm64 1.0.2 NOTE
r-release-macos-x86_64 1.0.2 NOTE
r-release-windows-ix86+x86_64 1.0.2 6.00 103.00 109.00 NOTE
r-oldrel-macos-x86_64 1.0.2 OK
r-oldrel-windows-ix86+x86_64 1.0.2 5.00 107.00 112.00 OK

Check Details

Version: 1.0.2
Check: LazyData
Result: NOTE
     'LazyData' is specified without a 'data' directory
Flavors: r-devel-linux-x86_64-debian-clang, r-devel-linux-x86_64-debian-gcc, r-devel-linux-x86_64-fedora-clang, r-devel-linux-x86_64-fedora-gcc, r-devel-windows-x86_64-new-UL, r-devel-windows-x86_64-new-TK, r-patched-linux-x86_64, r-release-linux-x86_64, r-release-macos-arm64, r-release-macos-x86_64, r-release-windows-ix86+x86_64