CRAN Package Check Results for Package bootUR

Last updated on 2022-01-21 23:01:44 CET.

Flavor Version Tinstall Tcheck Ttotal Status Flags
r-devel-linux-x86_64-debian-clang 0.4.2 49.42 105.62 155.04 NOTE
r-devel-linux-x86_64-debian-gcc 0.4.2 40.39 81.47 121.86 NOTE
r-devel-linux-x86_64-fedora-clang 0.4.2 211.08 NOTE
r-devel-linux-x86_64-fedora-gcc 0.4.2 197.88 NOTE
r-devel-windows-x86_64-new-UL 0.4.2 69.00 188.00 257.00 NOTE
r-devel-windows-x86_64-new-TK 0.4.2 NOTE
r-patched-linux-x86_64 0.4.2 48.44 109.76 158.20 NOTE
r-release-linux-x86_64 0.4.2 51.10 108.16 159.26 NOTE
r-release-macos-arm64 0.4.2 NOTE
r-release-macos-x86_64 0.4.2 NOTE
r-release-windows-ix86+x86_64 0.4.2 123.00 194.00 317.00 NOTE
r-oldrel-macos-x86_64 0.4.2 NOTE
r-oldrel-windows-ix86+x86_64 0.4.2 121.00 199.00 320.00 NOTE

Check Details

Version: 0.4.2
Check: for GNU extensions in Makefiles
Result: NOTE
    GNU make is a SystemRequirements.
Flavors: r-devel-linux-x86_64-debian-clang, r-devel-linux-x86_64-debian-gcc, r-devel-linux-x86_64-fedora-clang, r-devel-linux-x86_64-fedora-gcc, r-devel-windows-x86_64-new-UL, r-devel-windows-x86_64-new-TK, r-patched-linux-x86_64, r-release-linux-x86_64, r-release-macos-arm64, r-release-macos-x86_64, r-release-windows-ix86+x86_64, r-oldrel-macos-x86_64, r-oldrel-windows-ix86+x86_64

Version: 0.4.2
Check: installed package size
Result: NOTE
     installed size is 6.3Mb
     sub-directories of 1Mb or more:
     libs 5.9Mb
Flavors: r-release-macos-arm64, r-release-macos-x86_64, r-oldrel-macos-x86_64