CRAN Package Check Results for Package boottol

Last updated on 2022-01-18 22:47:17 CET.

Flavor Version Tinstall Tcheck Ttotal Status Flags
r-devel-linux-x86_64-debian-clang 2.0 2.16 41.17 43.33 NOTE
r-devel-linux-x86_64-debian-gcc 2.0 2.28 33.78 36.06 NOTE
r-devel-linux-x86_64-fedora-clang 2.0 53.53 NOTE
r-devel-linux-x86_64-fedora-gcc 2.0 43.50 NOTE
r-devel-windows-x86_64-new-UL 2.0 21.00 60.00 81.00 NOTE
r-devel-windows-x86_64-new-TK 2.0 NOTE
r-patched-linux-x86_64 2.0 2.75 39.99 42.74 NOTE
r-release-linux-x86_64 2.0 NOTE
r-release-macos-arm64 2.0 NOTE
r-release-macos-x86_64 2.0 NOTE
r-release-windows-ix86+x86_64 2.0 7.00 53.00 60.00 NOTE
r-oldrel-macos-x86_64 2.0 NOTE
r-oldrel-windows-ix86+x86_64 2.0 7.00 56.00 63.00 NOTE

Check Details

Version: 2.0
Check: R code for possible problems
Result: NOTE
    boottol: no visible global function definition for 'setNames'
    boottol : shift: no visible global function definition for 'tail'
    boottol : shift: no visible global function definition for 'head'
    boottol: no visible global function definition for 'na.omit'
    vastol: no visible global function definition for 'setNames'
    vastol: no visible global function definition for 'na.omit'
    Undefined global functions or variables:
     head na.omit setNames tail
    Consider adding
     importFrom("stats", "na.omit", "setNames")
     importFrom("utils", "head", "tail")
    to your NAMESPACE file.
Flavors: r-devel-linux-x86_64-debian-clang, r-devel-linux-x86_64-debian-gcc, r-devel-linux-x86_64-fedora-clang, r-devel-linux-x86_64-fedora-gcc, r-devel-windows-x86_64-new-UL, r-devel-windows-x86_64-new-TK, r-patched-linux-x86_64, r-release-linux-x86_64, r-release-macos-arm64, r-release-macos-x86_64, r-release-windows-ix86+x86_64, r-oldrel-macos-x86_64, r-oldrel-windows-ix86+x86_64