CRAN Package Check Results for Package boussinesq

Last updated on 2021-11-27 22:56:52 CET.

Flavor Version Tinstall Tcheck Ttotal Status Flags
r-devel-linux-x86_64-debian-clang 1.0.3 NOTE
r-devel-linux-x86_64-debian-gcc 1.0.3 1.55 16.78 18.33 NOTE
r-devel-linux-x86_64-fedora-clang 1.0.3 39.76 NOTE
r-devel-linux-x86_64-fedora-gcc 1.0.3 28.54 NOTE
r-devel-windows-x86_64-new-UL 1.0.3 5.00 50.00 55.00 OK
r-devel-windows-x86_64-new-TK 1.0.3 OK
r-devel-windows-x86_64-old 1.0.3 3.00 36.00 39.00 OK
r-patched-linux-x86_64 1.0.3 1.78 20.27 22.05 NOTE
r-patched-solaris-x86 1.0.3 46.30 OK
r-release-linux-x86_64 1.0.3 NOTE
r-release-macos-arm64 1.0.3 OK
r-release-macos-x86_64 1.0.3 OK
r-release-windows-ix86+x86_64 1.0.3 5.00 30.00 35.00 OK
r-oldrel-macos-x86_64 1.0.3 OK
r-oldrel-windows-ix86+x86_64 1.0.3 4.00 27.00 31.00 OK

Check Details

Version: 1.0.3
Check: Rd line widths
Result: NOTE
    Rd file 'beq.lin.Rd':
     \examples lines wider than 100 characters:
     plot(x,h_sol0,type="l",lty=1,main=paste("Water Surface Elevetion after",t,"days",sep=" "),xlab="x[m]",ylab="h[m]")
    
    Rd file 'beq.song.Rd':
     \examples lines wider than 100 characters:
     plot(x,h_sol1,type="l",lty=1,main="Water Surface Elevetion (Song at's solution) ",xlab="x[m]",ylab="h[m]")
    
    These lines will be truncated in the PDF manual.
Flavors: r-devel-linux-x86_64-debian-clang, r-devel-linux-x86_64-debian-gcc, r-devel-linux-x86_64-fedora-clang, r-devel-linux-x86_64-fedora-gcc, r-patched-linux-x86_64, r-release-linux-x86_64