CRAN Package Check Results for Package box

Last updated on 2023-05-29 23:03:40 CEST.

Flavor Version Tinstall Tcheck Ttotal Status Flags
r-devel-linux-x86_64-debian-clang 1.1.3 6.36 56.19 62.55 OK
r-devel-linux-x86_64-debian-gcc 1.1.3 4.59 44.77 49.36 OK
r-devel-linux-x86_64-fedora-clang 1.1.3 79.16 OK
r-devel-linux-x86_64-fedora-gcc 1.1.3 87.71 OK
r-devel-windows-x86_64 1.1.3 9.00 74.00 83.00 OK
r-patched-linux-x86_64 1.1.3 6.88 54.76 61.64 OK
r-release-linux-x86_64 1.1.3 5.70 56.08 61.78 OK
r-release-macos-arm64 1.1.3 56.00 OK
r-release-macos-x86_64 1.1.2 57.00 NOTE
r-release-windows-x86_64 1.1.3 8.00 83.00 91.00 OK
r-oldrel-macos-arm64 1.1.3 45.00 OK
r-oldrel-macos-x86_64 1.1.3 43.00 OK
r-oldrel-windows-x86_64 1.1.3 13.00 80.00 93.00 OK

Check Details

Version: 1.1.2
Check: package subdirectories
Result: NOTE
    Problems with news in ‘NEWS.md’:
     Cannot extract version info from the following section titles:
     modules 0.x
Flavor: r-release-macos-x86_64