CRAN Package Check Results for Package boxr

Last updated on 2022-01-21 23:01:44 CET.

Flavor Version Tinstall Tcheck Ttotal Status Flags
r-devel-linux-x86_64-debian-clang 0.3.6 6.97 61.84 68.81 OK
r-devel-linux-x86_64-debian-gcc 0.3.6 5.72 47.54 53.26 OK
r-devel-linux-x86_64-fedora-clang 0.3.6 84.15 NOTE
r-devel-linux-x86_64-fedora-gcc 0.3.6 70.63 OK
r-devel-windows-x86_64-new-UL 0.3.6 67.00 100.00 167.00 OK
r-devel-windows-x86_64-new-TK 0.3.6 OK
r-patched-linux-x86_64 0.3.6 17.24 62.00 79.24 OK
r-release-linux-x86_64 0.3.6 4.96 60.51 65.47 OK
r-release-macos-arm64 0.3.6 OK
r-release-macos-x86_64 0.3.6 OK
r-release-windows-ix86+x86_64 0.3.6 12.00 77.00 89.00 OK
r-oldrel-macos-x86_64 0.3.6 OK
r-oldrel-windows-ix86+x86_64 0.3.6 12.00 82.00 94.00 OK

Check Details

Version: 0.3.6
Check: Rd cross-references
Result: NOTE
    Undeclared packages ‘data.table’, ‘readxl’, ‘openxlsx’ in Rd xrefs
Flavor: r-devel-linux-x86_64-fedora-clang