CRAN Package Check Results for Package breathteststan

Last updated on 2022-01-21 23:01:44 CET.

Flavor Version Tinstall Tcheck Ttotal Status Flags
r-devel-linux-x86_64-debian-clang 0.8.0 134.73 128.89 263.62 NOTE
r-devel-linux-x86_64-debian-gcc 0.8.0 112.03 103.66 215.69 NOTE
r-devel-linux-x86_64-fedora-clang 0.8.0 345.46 NOTE
r-devel-linux-x86_64-fedora-gcc 0.8.0 354.37 NOTE
r-devel-windows-x86_64-new-UL 0.8.0 158.00 189.00 347.00 NOTE
r-devel-windows-x86_64-new-TK 0.8.0 NOTE
r-patched-linux-x86_64 0.8.0 85.75 133.28 219.03 NOTE
r-release-linux-x86_64 0.8.0 94.97 133.62 228.59 NOTE
r-release-macos-arm64 0.8.0 NOTE
r-release-macos-x86_64 0.8.0 NOTE
r-release-windows-ix86+x86_64 0.8.0 297.00 271.00 568.00 NOTE
r-oldrel-macos-x86_64 0.8.0 NOTE
r-oldrel-windows-ix86+x86_64 0.8.0 220.00 9.00 229.00 ERROR

Check Details

Version: 0.8.0
Check: LazyData
Result: NOTE
     'LazyData' is specified without a 'data' directory
Flavors: r-devel-linux-x86_64-debian-clang, r-devel-linux-x86_64-debian-gcc, r-devel-linux-x86_64-fedora-clang, r-devel-linux-x86_64-fedora-gcc, r-devel-windows-x86_64-new-UL, r-devel-windows-x86_64-new-TK, r-patched-linux-x86_64, r-release-linux-x86_64, r-release-macos-arm64, r-release-macos-x86_64, r-release-windows-ix86+x86_64

Version: 0.8.0
Check: for GNU extensions in Makefiles
Result: NOTE
    GNU make is a SystemRequirements.
Flavors: r-devel-linux-x86_64-debian-clang, r-devel-linux-x86_64-debian-gcc, r-devel-linux-x86_64-fedora-clang, r-devel-linux-x86_64-fedora-gcc, r-devel-windows-x86_64-new-UL, r-devel-windows-x86_64-new-TK, r-patched-linux-x86_64, r-release-linux-x86_64, r-release-macos-arm64, r-release-macos-x86_64, r-release-windows-ix86+x86_64, r-oldrel-macos-x86_64

Version: 0.8.0
Check: installed package size
Result: NOTE
     installed size is 24.0Mb
     sub-directories of 1Mb or more:
     libs 23.8Mb
Flavors: r-devel-linux-x86_64-fedora-clang, r-release-macos-arm64, r-release-macos-x86_64, r-oldrel-macos-x86_64

Version: 0.8.0
Check: line endings in C/C++/Fortran sources/headers
Result: NOTE
    Found the following sources/headers with CR or CRLF line endings:
     src/RcppExports.cpp
    Some Unix compilers require LF line endings.
Flavor: r-devel-windows-x86_64-new-TK

Version: 0.8.0
Check: package dependencies
Result: NOTE
    Package suggested but not available for checking: ‘breathtestcore’
Flavor: r-oldrel-macos-x86_64

Version: 0.8.0
Check: whether package can be installed
Result: ERROR
    Installation failed.
Flavor: r-oldrel-windows-ix86+x86_64