CRAN Package Check Results for Package brms

Last updated on 2022-05-20 22:53:06 CEST.

Flavor Version Tinstall Tcheck Ttotal Status Flags
r-devel-linux-x86_64-debian-clang 2.17.0 73.15 587.08 660.23 NOTE
r-devel-linux-x86_64-debian-gcc 2.17.0 59.19 427.34 486.53 NOTE
r-devel-linux-x86_64-fedora-clang 2.17.0 765.05 NOTE
r-devel-linux-x86_64-fedora-gcc 2.17.0 806.68 NOTE
r-devel-windows-x86_64 2.17.0 297.00 194.00 491.00 NOTE --no-examples --no-tests --no-vignettes
r-patched-linux-x86_64 2.17.0 81.48 557.58 639.06 NOTE
r-release-linux-x86_64 2.17.0 47.38 554.22 601.60 NOTE
r-release-macos-arm64 2.17.0 217.00 NOTE
r-release-macos-x86_64 2.17.0 292.00 NOTE
r-release-windows-x86_64 2.17.0 296.00 195.00 491.00 NOTE --no-examples --no-tests --no-vignettes
r-oldrel-macos-arm64 2.17.0 143.00 NOTE
r-oldrel-macos-x86_64 2.17.0 284.00 NOTE
r-oldrel-windows-ix86+x86_64 2.17.0 124.00 221.00 345.00 NOTE --no-examples --no-tests --no-vignettes

Check Details

Version: 2.17.0
Check: package dependencies
Result: NOTE
    Package suggested but not available for checking: 'cmdstanr'
Flavors: r-devel-linux-x86_64-debian-clang, r-devel-linux-x86_64-debian-gcc, r-devel-linux-x86_64-fedora-clang, r-devel-linux-x86_64-fedora-gcc, r-patched-linux-x86_64, r-release-linux-x86_64, r-release-macos-arm64, r-release-macos-x86_64, r-oldrel-macos-arm64, r-oldrel-macos-x86_64

Version: 2.17.0
Check: installed package size
Result: NOTE
     installed size is 9.0Mb
     sub-directories of 1Mb or more:
     R 4.2Mb
     doc 3.6Mb
Flavors: r-devel-linux-x86_64-fedora-clang, r-release-macos-arm64, r-release-macos-x86_64, r-oldrel-macos-arm64, r-oldrel-macos-x86_64

Version: 2.17.0
Flags: --no-examples --no-tests --no-vignettes
Check: package dependencies
Result: NOTE
    Package suggested but not available for checking: 'cmdstanr'
Flavors: r-devel-windows-x86_64, r-release-windows-x86_64, r-oldrel-windows-ix86+x86_64

Version: 2.17.0
Flags: --no-examples --no-tests --no-vignettes
Check: installed package size
Result: NOTE
     installed size is 8.9Mb
     sub-directories of 1Mb or more:
     R 4.2Mb
     doc 3.6Mb
Flavors: r-devel-windows-x86_64, r-release-windows-x86_64, r-oldrel-windows-ix86+x86_64