CRAN Package Check Results for Package brms

Last updated on 2021-12-06 21:51:08 CET.

Flavor Version Tinstall Tcheck Ttotal Status Flags
r-devel-linux-x86_64-debian-clang 2.16.3 67.00 532.46 599.46 NOTE
r-devel-linux-x86_64-debian-gcc 2.16.3 64.51 398.03 462.54 NOTE
r-devel-linux-x86_64-fedora-clang 2.16.3 772.71 NOTE
r-devel-linux-x86_64-fedora-gcc 2.16.3 756.58 NOTE
r-devel-windows-x86_64-new-UL 2.16.3 153.00 195.00 348.00 NOTE --no-examples --no-tests --no-vignettes
r-devel-windows-x86_64-new-TK 2.16.3 NOTE
r-devel-windows-x86_64-old 2.16.3 102.00 238.00 340.00 NOTE --no-examples --no-tests --no-vignettes
r-patched-linux-x86_64 2.16.3 74.40 557.87 632.27 NOTE
r-release-linux-x86_64 2.16.3 54.75 565.13 619.88 NOTE
r-release-macos-arm64 2.16.3 NOTE
r-release-macos-x86_64 2.16.3 NOTE
r-release-windows-ix86+x86_64 2.16.3 122.00 318.00 440.00 NOTE --no-examples --no-tests --no-vignettes
r-oldrel-macos-x86_64 2.16.3 NOTE
r-oldrel-windows-ix86+x86_64 2.16.3 121.00 312.00 433.00 NOTE --no-examples --no-tests --no-vignettes

Check Details

Version: 2.16.3
Check: package dependencies
Result: NOTE
    Package suggested but not available for checking: 'cmdstanr'
Flavors: r-devel-linux-x86_64-debian-clang, r-devel-linux-x86_64-debian-gcc, r-devel-linux-x86_64-fedora-clang, r-devel-linux-x86_64-fedora-gcc, r-devel-windows-x86_64-new-TK, r-patched-linux-x86_64, r-release-linux-x86_64, r-release-macos-arm64, r-release-macos-x86_64, r-oldrel-macos-x86_64

Version: 2.16.3
Check: installed package size
Result: NOTE
     installed size is 7.7Mb
     sub-directories of 1Mb or more:
     R 4.1Mb
     doc 2.4Mb
Flavors: r-devel-linux-x86_64-fedora-clang, r-release-macos-arm64, r-release-macos-x86_64, r-oldrel-macos-x86_64

Version: 2.16.3
Flags: --no-examples --no-tests --no-vignettes
Check: package dependencies
Result: NOTE
    Package suggested but not available for checking: 'cmdstanr'
Flavors: r-devel-windows-x86_64-new-UL, r-devel-windows-x86_64-old, r-release-windows-ix86+x86_64, r-oldrel-windows-ix86+x86_64

Version: 2.16.3
Flags: --no-examples --no-tests --no-vignettes
Check: installed package size
Result: NOTE
     installed size is 7.6Mb
     sub-directories of 1Mb or more:
     R 4.1Mb
     doc 2.4Mb
Flavors: r-devel-windows-x86_64-new-UL, r-devel-windows-x86_64-old, r-release-windows-ix86+x86_64, r-oldrel-windows-ix86+x86_64