Last updated on 2022-07-04 22:59:07 CEST.
Flavor | Version | Tinstall | Tcheck | Ttotal | Status | Flags |
---|---|---|---|---|---|---|
r-devel-linux-x86_64-debian-clang | 0.2.0 | 97.16 | 217.06 | 314.22 | OK | |
r-devel-linux-x86_64-debian-gcc | 0.2.0 | 74.37 | 157.58 | 231.95 | OK | |
r-devel-linux-x86_64-fedora-clang | 0.2.0 | 403.55 | WARN | |||
r-devel-linux-x86_64-fedora-gcc | 0.2.0 | 385.24 | WARN | |||
r-devel-windows-x86_64 | 0.2.0 | 125.00 | 250.00 | 375.00 | OK | |
r-patched-linux-x86_64 | 0.2.0 | 93.86 | 203.88 | 297.74 | OK | |
r-release-linux-x86_64 | 0.2.0 | 62.68 | 204.34 | 267.02 | OK | |
r-release-macos-arm64 | 0.2.0 | 109.00 | NOTE | |||
r-release-macos-x86_64 | 0.2.0 | 134.00 | NOTE | |||
r-release-windows-x86_64 | 0.2.0 | 104.00 | 255.00 | 359.00 | OK | |
r-oldrel-macos-arm64 | 0.2.0 | 94.00 | NOTE | |||
r-oldrel-macos-x86_64 | 0.2.0 | 136.00 | NOTE | |||
r-oldrel-windows-ix86+x86_64 | 0.2.0 | 238.00 | 316.00 | 554.00 | NOTE |
Version: 0.2.0
Check: package dependencies
Result: WARN
Requires (indirectly) orphaned package: ‘gtools’
Flavors: r-devel-linux-x86_64-fedora-clang, r-devel-linux-x86_64-fedora-gcc
Version: 0.2.0
Check: installed package size
Result: NOTE
installed size is 5.4Mb
sub-directories of 1Mb or more:
doc 2.7Mb
libs 2.5Mb
Flavors: r-release-macos-arm64, r-release-macos-x86_64, r-oldrel-macos-arm64, r-oldrel-macos-x86_64, r-oldrel-windows-ix86+x86_64