CRAN Package Check Results for Package bruceR

Last updated on 2022-01-24 22:56:21 CET.

Flavor Version Tinstall Tcheck Ttotal Status Flags
r-devel-linux-x86_64-debian-clang 0.8.3 15.17 170.92 186.09 OK
r-devel-linux-x86_64-debian-gcc 0.8.3 12.44 130.45 142.89 OK
r-devel-linux-x86_64-fedora-clang 0.8.3 222.71 OK
r-devel-linux-x86_64-fedora-gcc 0.8.3 219.09 OK
r-devel-windows-x86_64-new-UL 0.8.3 59.00 194.00 253.00 OK
r-devel-windows-x86_64-new-TK 0.8.3 ERROR
r-patched-linux-x86_64 0.8.3 15.70 161.21 176.91 OK
r-release-linux-x86_64 0.8.3 12.57 163.98 176.55 OK
r-release-macos-arm64 0.8.2 OK
r-release-macos-x86_64 0.8.3 OK
r-release-windows-ix86+x86_64 0.8.3 40.00 199.00 239.00 OK
r-oldrel-macos-x86_64 0.8.2 OK
r-oldrel-windows-ix86+x86_64 0.8.3 42.00 205.00 247.00 OK

Check Details

Version: 0.8.3
Check: package dependencies
Result: ERROR
    Packages required but not available: 'lmerTest', 'mediation'
    
    Packages suggested but not available for checking:
     'afex', 'car', 'phia', 'lme4'
    
    See section 'The DESCRIPTION file' in the 'Writing R Extensions'
    manual.
Flavor: r-devel-windows-x86_64-new-TK