CRAN Package Check Results for Package brxx

Last updated on 2022-01-23 22:49:35 CET.

Flavor Version Tinstall Tcheck Ttotal Status Flags
r-devel-linux-x86_64-debian-clang 0.1.2 19.60 201.33 220.93 NOTE
r-devel-linux-x86_64-debian-gcc 0.1.2 15.78 165.85 181.63 NOTE
r-devel-linux-x86_64-fedora-clang 0.1.2 272.16 NOTE
r-devel-linux-x86_64-fedora-gcc 0.1.2 255.02 NOTE
r-devel-windows-x86_64-new-UL 0.1.2 31.00 214.00 245.00 NOTE
r-devel-windows-x86_64-new-TK 0.1.2 ERROR
r-patched-linux-x86_64 0.1.2 20.02 190.83 210.85 NOTE
r-release-linux-x86_64 0.1.2 21.26 187.69 208.95 NOTE
r-release-macos-arm64 0.1.2 NOTE
r-release-macos-x86_64 0.1.2 NOTE
r-release-windows-ix86+x86_64 0.1.2 53.00 221.00 274.00 NOTE
r-oldrel-macos-x86_64 0.1.2 OK
r-oldrel-windows-ix86+x86_64 0.1.2 53.00 220.00 273.00 OK

Check Details

Version: 0.1.2
Check: LazyData
Result: NOTE
     'LazyData' is specified without a 'data' directory
Flavors: r-devel-linux-x86_64-debian-clang, r-devel-linux-x86_64-debian-gcc, r-devel-linux-x86_64-fedora-clang, r-devel-linux-x86_64-fedora-gcc, r-devel-windows-x86_64-new-UL, r-patched-linux-x86_64, r-release-linux-x86_64, r-release-macos-arm64, r-release-macos-x86_64, r-release-windows-ix86+x86_64

Version: 0.1.2
Check: package dependencies
Result: ERROR
    Package required but not available: 'blme'
    
    See section 'The DESCRIPTION file' in the 'Writing R Extensions'
    manual.
Flavor: r-devel-windows-x86_64-new-TK