CRAN Package Check Results for Package bshazard

Last updated on 2024-02-23 23:10:01 CET.

Flavor Version Tinstall Tcheck Ttotal Status Flags
r-devel-linux-x86_64-debian-clang 1.1 NOTE
r-devel-linux-x86_64-debian-gcc 1.1 9.36 75.79 85.15 NOTE
r-devel-linux-x86_64-fedora-clang 1.1 138.27 NOTE
r-devel-linux-x86_64-fedora-gcc 1.1 134.56 NOTE
r-devel-windows-x86_64 1.1 10.00 94.00 104.00 NOTE
r-patched-linux-x86_64 1.1 10.63 97.26 107.89 OK
r-release-linux-x86_64 1.1 11.78 98.24 110.02 OK
r-release-macos-arm64 1.1 42.00 OK
r-release-macos-x86_64 1.1 70.00 OK
r-release-windows-x86_64 1.1 14.00 106.00 120.00 OK
r-oldrel-macos-arm64 1.1 46.00 OK
r-oldrel-windows-x86_64 1.1 15.00 112.00 127.00 OK

Check Details

Version: 1.1
Check: Rd contents
Result: NOTE Argument items with no description in Rd file 'plot.bshazard.Rd': ‘\dots’ Argument items with no description in Rd file 'print.bshazard.Rd': ‘\dots’ Argument items with no description in Rd file 'summary.bshazard.Rd': ‘\dots’ Flavors: r-devel-linux-x86_64-debian-clang, r-devel-linux-x86_64-debian-gcc, r-devel-linux-x86_64-fedora-clang, r-devel-linux-x86_64-fedora-gcc, r-devel-windows-x86_64