CRAN Package Check Results for Package bslib

Last updated on 2022-01-23 22:49:35 CET.

Flavor Version Tinstall Tcheck Ttotal Status Flags
r-devel-linux-x86_64-debian-clang 0.3.1 7.91 110.67 118.58 OK
r-devel-linux-x86_64-debian-gcc 0.3.1 5.48 89.98 95.46 OK
r-devel-linux-x86_64-fedora-clang 0.3.1 137.99 NOTE
r-devel-linux-x86_64-fedora-gcc 0.3.1 132.27 OK
r-devel-windows-x86_64-new-UL 0.3.1 683.00 178.00 861.00 NOTE
r-devel-windows-x86_64-new-TK 0.3.1 OK
r-patched-linux-x86_64 0.3.1 9.53 110.88 120.41 OK
r-release-linux-x86_64 0.3.1 6.37 110.69 117.06 OK
r-release-macos-arm64 0.3.1 NOTE
r-release-macos-x86_64 0.3.1 NOTE
r-release-windows-ix86+x86_64 0.3.1 13.00 148.00 161.00 NOTE
r-oldrel-macos-x86_64 0.3.1 NOTE
r-oldrel-windows-ix86+x86_64 0.3.1 14.00 156.00 170.00 NOTE

Check Details

Version: 0.3.1
Check: installed package size
Result: NOTE
     installed size is 10.3Mb
     sub-directories of 1Mb or more:
     fonts 3.1Mb
     lib 5.4Mb
Flavors: r-devel-linux-x86_64-fedora-clang, r-devel-windows-x86_64-new-UL, r-release-macos-arm64, r-release-macos-x86_64, r-release-windows-ix86+x86_64, r-oldrel-macos-x86_64, r-oldrel-windows-ix86+x86_64