CRAN Package Check Results for Package bsts

Last updated on 2021-12-08 22:57:31 CET.

Flavor Version Tinstall Tcheck Ttotal Status Flags
r-devel-linux-x86_64-debian-clang 0.9.7 100.06 134.87 234.93 OK
r-devel-linux-x86_64-debian-gcc 0.9.7 83.45 96.27 179.72 OK
r-devel-linux-x86_64-fedora-clang 0.9.7 315.23 NOTE
r-devel-linux-x86_64-fedora-gcc 0.9.7 312.97 OK
r-devel-windows-x86_64-new-UL 0.9.7 151.00 229.00 380.00 NOTE
r-devel-windows-x86_64-new-TK 0.9.7 OK
r-devel-windows-x86_64-old 0.9.7 130.00 200.00 330.00 NOTE
r-patched-linux-x86_64 0.9.7 111.14 130.61 241.75 OK
r-release-linux-x86_64 0.9.7 103.41 128.36 231.77 OK
r-release-macos-arm64 0.9.7 NOTE
r-release-macos-x86_64 0.9.7 NOTE
r-release-windows-ix86+x86_64 0.9.7 173.00 241.00 414.00 NOTE
r-oldrel-macos-x86_64 0.9.7 NOTE
r-oldrel-windows-ix86+x86_64 0.9.7 246.00 316.00 562.00 NOTE

Additional issues

rchk

Check Details

Version: 0.9.7
Check: installed package size
Result: NOTE
     installed size is 85.6Mb
     sub-directories of 1Mb or more:
     libs 84.9Mb
Flavors: r-devel-linux-x86_64-fedora-clang, r-devel-windows-x86_64-new-UL, r-devel-windows-x86_64-old, r-release-macos-arm64, r-release-macos-x86_64, r-release-windows-ix86+x86_64, r-oldrel-macos-x86_64, r-oldrel-windows-ix86+x86_64