CRAN Package Check Results for Package bubblyr

Last updated on 2023-03-23 22:52:27 CET.

Flavor Version Tinstall Tcheck Ttotal Status Flags
r-devel-linux-x86_64-debian-clang 0.1.2 2.29 24.39 26.68 NOTE
r-devel-linux-x86_64-debian-gcc 0.1.2 1.97 19.54 21.51 NOTE
r-devel-linux-x86_64-fedora-clang 0.1.2 35.00 NOTE
r-devel-linux-x86_64-fedora-gcc 0.1.2 43.92 NOTE
r-devel-windows-x86_64 0.1.2 10.00 62.00 72.00 NOTE
r-patched-linux-x86_64 0.1.2 2.30 26.75 29.05 NOTE
r-release-linux-x86_64 0.1.2 2.74 25.67 28.41 NOTE
r-release-macos-arm64 0.1.2 18.00 NOTE
r-release-macos-x86_64 0.1.2 25.00 NOTE
r-release-windows-x86_64 0.1.2 12.00 61.00 73.00 NOTE
r-oldrel-macos-arm64 0.1.2 22.00 NOTE
r-oldrel-macos-x86_64 0.1.2 29.00 NOTE
r-oldrel-windows-ix86+x86_64 0.1.2 6.00 53.00 59.00 NOTE

Check Details

Version: 0.1.2
Check: LazyData
Result: NOTE
     'LazyData' is specified without a 'data' directory
Flavors: r-devel-linux-x86_64-debian-clang, r-devel-linux-x86_64-debian-gcc, r-devel-linux-x86_64-fedora-clang, r-devel-linux-x86_64-fedora-gcc, r-devel-windows-x86_64, r-patched-linux-x86_64, r-release-linux-x86_64, r-release-macos-arm64, r-release-macos-x86_64, r-release-windows-x86_64, r-oldrel-macos-arm64, r-oldrel-macos-x86_64, r-oldrel-windows-ix86+x86_64